**3 + 3*n**2 + 7. What is v(-3)?
7
Let s(a) = -10*a + 13. Give s(-1).
23
Let o(x) = -x**3 - x**2 + 6*x + 2. Calculate o(-3).
2
Let w(d) = 2*d**2 - 7*d + 2. Calculate w(7).
51
Let z(q) = 30*q + 51. Give z(-2).
-9
Let q(c) = 9*c**3 - c**2 + c + 1. What is q(-1)?
-10
Let r(s) = 3*s**3 + 5*s**2 + 5*s + 7. Determine r(-2).
-7
Let r(i) = -6*i - 4. Give r(1).
-10
Let t(o) = -35*o + 180. What is t(5)?
5
Let h(s) = -s**2 + 4*s + 2. Determine h(5).
-3
Let h(i) = i**3 + 7*i**2 - 12*i - 26. Determine h(-8).
6
Let g(d) = d**2 + 4*d + 14. Give g(-7).
35
Let p(d) = -d**3 + 6*d**2 + 4*d - 8. Calculate p(6).
16
Let w(n) = -86*n + 269. Calculate w(3).
11
Let b(u) = -u**3 + 7*u**2 - u + 8. Calculate b(7).
1
Let b(o) = -o**3 - 21*o**2 - 20*o + 4. What is b(-20)?
4
Let z(s) = -s**2 + 5*s - 2. Give z(2).
4
Let o(z) = -z**3 + 32*z**2 - z + 28. Determine o(32).
-4
Let x(u) = -u**2 + 9*u + 18. Calculate x(10).
8
Let d(z) = -z**3 - 3*z**2 - 2*z. Calculate d(-2).
0
Let a(p) = -p**3 - 4*p**2 + 6*p + 1. Calculate a(-5).
-4
Let l(d) = d**3 + 2*d**2 + d + 16. Determine l(0).
16
Let t(s) = -4*s**2 + 4*s + 10. What is t(3)?
-14
Let w(b) = -11*b + 6. Give w(8).
-82
Let s(p) = p**2 - 7*p. What is s(8)?
8
Let u(r) = r**2 - 35*r + 57. Determine u(33).
-9
Let j(g) = g**2 + 14*g + 17. Give j(-12).
-7
Let q(r) = -r**2 + 4*r + 3. What is q(5)?
-2
Let i(z) = 5*z**2 + 22*z + 4. Calculate i(-4).
-4
Let v(l) = 2*l**2 + 15*l + 19. Calculate v(-14).
201
Let w(z) = 5*z + 8. Give w(-3).
-7
Let v(u) = u**3 + 4*u**2 - u + 6. Determine v(-4).
10
Let x(v) = -2*v**2 - 12*v + 5. Give x(-6).
5
Let t(n) = n**2 - 8*n + 12. Give t(5).
-3
Let c(o) = -o**3 - 4*o**2 + 22*o + 12. What is c(-7)?
5
Let c(x) = x**3 + 14*x**2 - 14*x + 17. What is c(-15)?
2
Let q(h) = -2*h**3 - 4*h**2 + 4*h + 6. Give q(-4).
54
Let g(u) = -u**3 + 25*u**2 - 49*u + 58. Calculate g(23).
-11
Let f(n) = -n**2 + 9*n + 27. What is f(-5)?
-43
Let g(s) = -2*s**2 + 8*s + 49. Give g(-5).
-41
Let u(o) = 89*o - 363. Give u(4).
-7
Let w(t) = -t + 5. Give w(6).
-1
Let v(h) = -2*h - 24. Determine v(-11).
-2
Let o(f) = f**2 + 10*f + 2. What is o(-10)?
2
Let h(j) = 7*j - 12. What is h(3)?
9
Let c(s) = s**2 - 3*s + 1. What is c(5)?
11
Let i(g) = 2*g**3 - 27*g**2 + 17*g + 8. Calculate i(13).
60
Let q(p) = p + 12. Calculate q(-12).
0
Let c(u) = u**3 - 12*u**2 - 8*u - 19. Determine c(12).
-115
Let u(h) = -34*h**2 - 3*h + 4. Give u(1).
-33
Let n(v) = -2*v**2 - 15*v - 14. What is n(-15)?
-239
Let z(v) = v**2 - 7*v + 4. Calculate z(5).
-6
Let o(b) = 91*b + 436. Give o(-5).
-19
Let h(x) = -4*x**2 + 29*x + 29. What is h(-1)?
-4
Let w(h) = -h**3 - 7*h**2 + 4*h + 1. Give w(-7).
-27
Let a(g) = -g**3 - 5*g**2 + 6*g - 5. Give a(-6).
-5
Let j(a) = 3*a**2 - 7*a + 25. What is j(6)?
91
Let q(d) = -d**2 - 7*d - 1. What is q(-5)?
9
Let s(f) = 3*f**2 - f - 5. What is s(2)?
5
Let g(y) = -4*y - 5. Give g(-8).
27
Let t(n) = -n. Give t(5).
-5
Let f(s) = -3*s + 11. What is f(2)?
5
Let g(h) = -3*h**2 + 18*h + 17. Determine g(8).
-31
Let y(g) = -2*g**3 + 2*g**2 + 3*g + 4. What is y(3)?
-23
Let w(j) = -12*j + 10. Give w(2).
-14
Let d(k) = k**2 - 5*k - 10. Give d(7).
4
Let i(x) = -x**2 + 16*x + 18. What is i(17)?
1
Let g(c) = c**3 - 28*c**2 + 27*c. Calculate g(27).
0
Let r(o) = -2*o**2 + 15*o - 9. What is r(10)?
-59
Let w(i) = 2*i**3 - 26*i**2 + 25*i + 5. Give w(12).
17
Let t(k) = k**3 - 4*k**2 - 59*k + 13. Calculate t(-6).
7
Let c(k) = -8*k - 163. Determine c(-23).
21
Let u(l) = 2*l**2 + 6*l - 23. Determine u(-8).
57
Let q(x) = -x**2 + 5*x + 13. Calculate q(6).
7
Let h(p) = 9*p - 1. Determine h(15).
134
Let f(z) = -z**3 - 7*z**2 + 2*z + 10. Give f(-7).
-4
Let s(q) = -q**2 + q + 302. Determine s(18).
-4
Let p(t) = -t**3 - 4*t. What is p(-2)?
16
Let q(h) = 7*h - 665. What is q(94)?
-7
Let h(s) = 2*s**3 + 90*s**2 + 88*s - 16. Calculate h(-44).
-16
Let h(n) = -n**3 + 9*n**2 - 14*n + 52. What is h(8)?
4
Let b(s) = s**3 + 12*s**2 + 11*s - 3. Calculate b(-11).
-3
Let h(r) = r**2 - 14*r + 9. Calculate h(13).
-4
Let a(z) = 8*z. Calculate a(-1).
-8
Let g(a) = -21*a - 21. What is g(-3)?
42
Let u(l) = -5*l + 3. Give u(3).
-12
Let w(a) = 13*a**2 + 7*a + 8. Determine w(-1).
14
Let c(m) = m**3 + 8*m**2 - 8*m + 8. Determine c(-9).
-1
Let x(v) = -v**2 - 4*v - 2. Give x(-6).
-14
Let w(j) = j**3 + 7*j**2 + 10*j + 5. What is w(-4)?
13
Let z(w) = -30*w - 175. What is z(-7)?
35
Let n(c) = c**2 - 2*c - 5. Give n(0).
-5
Let v(p) = -2*p**2 + 8*p - 7. What is v(5)?
-17
Let p(q) = q**2 - 7*q + 8. Give p(6).
2
Let x(j) = -j**3 - 36*j**2 - 127*j + 35. Determine x(-32).
3
Let v(b) = -48*b - 763. Give v(-16).
5
Let q(c) = -c + 8. Give q(8).
0
Let l(s) = -16*s + 226. What is l(14)?
2
Let l(h) = -3*h - 21. Calculate l(17).
-72
Let u(j) = 2*j**2 + 8*j - 1. Give u(-5).
9
Let r(b) = 25*b - 6. What is r(-1)?
-31
Let m(z) = -5*z + 72. What is m(14)?
2
Let o(s) = -s**2 - 8*s - 7. Determine o(-7).
0
Let i(l) = -6*l + 158. Calculate i(26).
2
Let j(i) = -2*i**2 + i + 1. Give j(0).
1
Let l(d) = -d + 13. What is l(4)?
9
Let x(n) = -3*n**2 + 40*n - 20. Give x(13).
-7
Let a(i) = -9*i - 57. Give a(-6).
-3
Let v(s) = s**2 - 2*s + 3. Determine v(-6).
51
Let n(a) = -a**2 - 30*a - 14. Give n(-8).
162
Let v(h) = 2*h**3 + 46*h**2 + 44*h + 18. Calculate v(-22).
18
Let d(k) = -k**3 - 2*k**2 + 3*k + 2. What is d(-2)?
-4
Let j(v) = 14*v + 16. What is j(-5)?
-54
Let m(t) = -29*t + 251. Give m(9).
-10
Let f(j) = -j**2 + 6*j + 7. Determine f(9).
-20
Let j(r) = -r**3 - 11*r**2 + 9*r - 12. Determine j(-12).
24
Let b(n) = -n**3 - 4*n**2 + 27*n + 15. What is b(-8)?
55
Let i(l) = -l**2 - 11*l + 40. Calculate i(-14).
-2
Let c(j) = -19*j. Determine c(1).
-19
Let u(s) = 8*s - 1. Determine u(-1).
-9
Let w(d) = -d**3 - 2*d**2 + 6*d + 4. What is w(-3)?
-5
Let b(t) = 2*t**2 - 14*t + 8. What is b(9)?
44
Let k(v) = v + 2. Give k(-6).
-4
Let h(n) = -10*n + 9. What is h(4)?
-31
Let c(r) = r**3 - 13*r**2 + 14*r - 9. Give c(12).
15
Let f(o) = -o**3 - 8*o**2 - 6*o - 9. Give f(-7).
-16
Let g(a) = 7*a - 5. Determine g(-2).
-19
Let d(w) = -13*w - 15. Determine d(-5).
50
Let l(a) = -a**3 - 4*a**2 + 8*a + 11. Determine l(-5).
-4
Let u(p) = -p**2 + 7. Give u(-6).
-29
Let p(h) = 2*h**3 - 8*h**2 + 2*h + 6. Give p(3).
-6
Let w(v) = -v**2 + 4*v - 7. What is w(5)?
-12
Let p(v) = 8*v**2 - 12*v - 12. What is p(-1)?
8
Let x(r) = r**2 - 44*r + 156. Determine x(40).
-4
Let h(z) = z**3 - 5*z**2 - 7*z + 4. Determine h(6).
-2
Let c(t) = -t**3 - 2*t**2. Give c(-2).
0
Let s(n) = -n**3 + 17*n**2 - n + 3. Determine s(17).
-14
Let k(l) = 5*l - 7. Calculate k(-5).
-32
Let n(g) = g**2 - 48*g - 520. Calculate n(57).
-7
Let f(d) = -d**2 + 51*d - 262. Determine f(6).
8
Let v(i) = 2*i - 8. Calculate v(5).
2
Let a(m) = m**3 + 12*m**2 - m - 8. Calculate a(-12).
4
Let u(r) = 7*r**2 - 5*r. What is u(-3)?
78
Let j(v) = -34*v + 2. Give j(-1).
36
Let r(n) = 28*n - 104. What is r(5)?
36
Let u(r) = r**2 + 3*r - 4. Give u(-5).
6
Let v(n) = 5*n**2 + 18*n + 4. Determine v(-1).
-9
Let t(v) = 2*v**2 + 41*v - 66. Calculate t(-22).
0
Let f(l) = -2*l**2 + 4*l - 1. Calculate f(4).
-17
Let h(o) = 5*o - 31. What is h(6)?
-1
Let q(k) = 2*k**2 - 53*k + 61. Determine q(25).
-14
Let c(j) = 7*j**3 - j**2 - j. Give c(-1).
-7
Let z(d) = -d**2 + 12*d + 2. Give z(11).
13
Let v(j) = j**2 - 29*j + 199. Determine v(20).
19
Let a(k) = -12*k - 22. Give a(-2).
2
Let o(u) = -8*u**2 - 3*u - 5. Determine o(5).
-220
Let l(f) = f**2. Calculate l(4).
16
Let d(g) = 196*g + 797. Calculate d(-4).
13
Let a(r) = 12*r - 2. Calculate a(-1).
-14
Let t(v) = v**2 + 9*v - 13. What is t(-11)?
9
Let j(f) = -9*f + 5. Give j(12).
-103
Let x(w) = w**2 - 18*w - 8. What is x(20)?
32
Let m(s) = -23*s**2 - s. What is m(1)?
-24
Let t(o) = -o**3 + 7*o**2 - 9*o + 136. Determine t(8).
0
Let z(f) = -f**2 - 14*f + 46. Calculate z(-16).
14
Let t(l) = -l**3 - 14*l**2 + 14*l - 4. What is t(-15)?
11
Let a(t) = -7*t**3 + 3*t**2 + 5*t + 1. Give a(-1).
6
Let d(y) = -y**3 - 11*y**2 + 45*y + 40. What is d(-14)?
-2
Let s(p) = -p**3 - 5*p**2 + 5*p - 5. What is s(-6)?
1
Let z(c) = -c**3 + 36*c**2 - 3*c + 76. Calculate z(36).
-32
Let q(n) = -n**2 + 6*n - 3. Determine q(5).
2
Let o(t) = -t**3 + 19*t**2 + 22*t - 31. What is o(20)?
9
Let s(g) = -g**2 - 5*g - 1. Give s(4).
-37
Let x(g) = -3*g + 10. Calculate x(-7).
31
Let n(k) = 12*k + 4. Calculate n(-4).
-4